t - 7. Let a(o) = 5*c(o) - n(o). Determine a(g).
-8
Let g(x) be the third derivative of x**6/120 - x**5/12 - x**4/4 + x**3/6 - x**2. Suppose -11 - 21 = -2*a + 5*j, 0 = -2*a - 2*j + 4. Determine g(a).
1
Let z = 1 - 0. Let i(b) = -11*b**3 + 13614*b + 13613*b - 27226*b - b**2. Determine i(z).
-11
Let h be 8/56 - 2/(-84). Let d(x) be the third derivative of 1/3*x**3 - 2*x**2 + 0*x + 0 - 1/12*x**5 - h*x**4 - 1/120*x**6. Give d(-4).
2
Let t(x) be the third derivative of 3*x**4/4 + 3*x**3/2 + 332*x**2. What is t(-1)?
-9
Let i(z) be the third derivative of z**4/8 - z**3/3 - 56*z**2. Suppose 3*q = -3, 16 = 3*h - 8*h + 4*q. Calculate i(h).
-14
Let n be (-2 - 0) + (17 - 0). Let o(j) = -n - 3*j + 2*j + 2*j**2 + 14 - j**3. Let s = -11 - -13. What is o(s)?
-3
Let t be (-3)/(-15)*(-12 - -12). Let f = 10 - 6. Let r(i) = 3*i - f*i - 5 + 6. Give r(t).
1
Let c be -1*1*-7*(-38)/133. Let t(u) = 2*u**3 + 2*u**2 - u. What is t(c)?
-6
Suppose 2*t + 3*y = 3, t = 4*t + y - 1. Let o = t - -3. Let d(g) = -g**2 + 2*g + 4. Give d(o).
1
Let n be ((-33)/6)/(8/(-16)). Let l(o) = o**3 - 12*o**2 + 13*o - 24. Let u be l(n). Let v(m) = -2*m - 3. Give v(u).
1
Let w(d) = -d - 1. Let b(n) = -n**2 - 6*n + 12. Let i(o) = b(o) + 6*w(o). Determine i(-10).
26
Let v = -702 + 701. Let y(f) be the second derivative of f**5/5 + f**3/6 + 4*f. What is y(v)?
-5
Let j be (3/(-5))/((-5)/(-25)). Suppose -4*m + 9 = -w - 4, -3*m - 14 = 4*w. Let x(b) = -1. Let a(d) = d. Let l(c) = m*a(c) + 3*x(c). Give l(j).
-9
Let g(k) = -k**2 - 8*k + 8. Suppose -x - 3*x = v + 24, -3*v = -4*x - 8. Let w be (6 + 2)/(v - -3). What is g(w)?
8
Let o(a) be the first derivative of -3*a**5/20 - a**4/6 + a**3/3 + 5*a - 52. Let p(f) be the first derivative of o(f). What is p(-2)?
12
Let y(b) be the third derivative of -b**5/60 + b**4/6 - 11*b**3/6 - 206*b**2. Determine y(0).
-11
Let d(x) = x - 4. Let h(k) = -2*k + 3. Let u(v) = 2*d(v) + 3*h(v). Let f(z) = -15*z + 5. Let p be (-1 + 0)*9/1. Let t(l) = p*u(l) + 2*f(l). Calculate t(1).
7
Let d(g) = g**3 + 2*g - 1. Let o be 12/(-7)*(-14)/2. Suppose -4*r - 3*u + o + 29 = 0, -5*u + 6 = r. Let n = r - 10. Give d(n).
2
Let c(x) = x + 15. Let a be c(-7). Let t(h) = 2 - h**2 + 0*h**2 + a*h + 0 - 3*h. Determine t(6).
-4
Let r(w) = -33*w + 9*w**2 + w**3 + 55*w + 2 - 31*w. What is r(-10)?
-8
Let o(f) = f**2 + 3*f + 6. Let d(t) be the third derivative of -t**4/24 - t**3 + 12*t**2. Let x be d(-2). Calculate o(x).
10
Let p(o) = -4*o**2 + 0*o**2 + 17*o**3 + 11 - 16*o**3. Let m be p(3). Let f(q) = 8*q + 2. Give f(m).
18
Let t(g) be the second derivative of g**5/20 - 5*g**4/6 - 11*g**3/6 + 6*g**2 + 240*g. Calculate t(11).
12
Let l(t) = 20*t - 97. Let i(x) = -24*x + 99. Let v(o) = 4*i(o) + 5*l(o). Calculate v(21).
-5
Let r(f) = -f**2 - 7*f - 2. Let g(w) = -3*w + 3. Let b(m) = -m + 9. Let c = 14 + -8. Let y be b(c). Let s be g(y). What is r(s)?
4
Suppose 12*a - 4*a = 40. Suppose l = 2 - 7, 5*l - a = -5*c. Let v(k) = 2*k - 8. What is v(c)?
4
Let s(g) = -g**2 - 78*g. Let l(w) = w**2 + 66*w - 1. Let x(d) = -6*l(d) - 5*s(d). Determine x(-7).
-1
Let i(r) = r**2 + r + 12. Suppose 9*m = 10*m + 2*m. Determine i(m).
12
Let s(i) be the second derivative of i**4/12 - i**3/3 + 33*i**2/2 - 4*i + 56. What is s(0)?
33
Let f(c) = -c + 5. Let x(g) = -g + 10. Let o(n) = -5*f(n) + 2*x(n). Let v(b) = b**2 + b + 4. Let p be v(0). Suppose 30 - 6 = p*k. Calculate o(k).
13
Suppose 3*o + 15 = -3*u, -7*u - 2*o = -10*u - 35. Let d(c) = c**3 + 9*c**2 + c + 15. Give d(u).
6
Suppose 2*v + 12 = 4*v. Let r = -10 + 12. Let w(c) = 2*c**3 + 0*c + 4*c**3 - 5*c**3 + 4*c + 5 - 7*c**r. What is w(v)?
-7
Let c(h) be the first derivative of 8*h - 8 - 3/2*h**2 - 7/3*h**3 - 1/4*h**4. Let i(k) = k**3 - 5*k**2 + 4*k - 6. Let r be i(4). Calculate c(r).
-10
Let f(t) = 0*t**2 - 41*t**3 - 2 + 3*t**2 + 1 + 39*t**3 + t. Calculate f(2).
-3
Let t(p) = 3*p**2 + 7*p - 12. Let d(h) = -h**2 + 1. Let a = 38 + -34. Let j(i) = a*d(i) + t(i). Give j(7).
-8
Let x(c) = c**3 - 6*c**2 + c - 1. Let b be x(6). Suppose -k - k - 20 = 5*f, 15 = -b*f - 3*k. Let y(l) = l**2 + 4*l - 4. Calculate y(f).
8
Let u(c) = -12*c**2. Let b(k) = k**2 - 7*k - 13. Let q be b(8). Let h(d) = -d - 4. Let r be h(q). What is u(r)?
-12
Let u = 4 - 10. Let x = u - -2. Let s(h) = -1 - 9*h - 6*h + 13*h. What is s(x)?
7
Let f(k) be the first derivative of 2*k**2 + k + 35. Calculate f(-6).
-23
Suppose 5*o + 58 - 150 = c, -c - 56 = -3*o. Suppose -o - 12 = 5*u. Let m(s) = s - 6. Calculate m(u).
-12
Let q(v) be the first derivative of 2*v**2 + v - 3. Let z be (6/10)/(6/30). Let j(h) = -h**3 + 3*h**2 + h - 4. Let u be j(z). Give q(u).
-3
Let j(z) = -z**3 + z**2 - z - 6. Let f be j(0). Let w(k) = 3*k + 3. Let p be ((-30)/(-9) + -3)*33. Let l(q) = -16*q - 15. Let i(a) = p*w(a) + 2*l(a). Give i(f).
-3
Suppose 0 = 3*z - 7 + 1. Let v(y) = 2*y + y - 6*y + z*y. Suppose 4*q = q + 12, 2*m = -3*q + 20. Give v(m).
-4
Let a(u) = 3*u - 3 + 0 + 4. Suppose 0 = -3*b - o - 64, -5*b + 2*o = 97 - 5. Let z be (-16)/5 - 4/b. What is a(z)?
-8
Let q(u) = u**2 + 3*u - 2. Let h(i) be the second derivative of -i**4/12 - i**3 + 11*i**2/2 - i. Let o be (1 + 2)/(-3)*(-48)/(-6). Let y be h(o). What is q(y)?
8
Suppose -21*p + 19*p - 10 = 0. Let d(o) = -o**3 - 5*o**2 - 2*o + 3. What is d(p)?
13
Let n(o) = o**3 + o**2 + o - 4. Let s(v) = -3*v**3 + 7*v**2 - 4*v. Let y be s(2). Determine n(y).
-56
Let k(w) = 28*w**3 + w**2 - 1. Let s be 16/(-88) + 13/11. Let y be k(s). Let u(d) = 8*d + 10*d - y*d + 6*d + 3. Give u(2).
-5
Let r(c) be the first derivative of 5/6*c**3 + 0*c + 4 - 1/60*c**5 + c**2 + 1/120*c**6 + 1/24*c**4. Let n(o) be the second derivative of r(o). Calculate n(0).
5
Suppose 0 = -l - 0*p + p + 58, -2*p = -l + 56. Let b be (-12)/(-10)*l/24. Let g(m) = -1 - 5*m + m + 5*m. Determine g(b).
2
Suppose 74*c - 69*c + 22 = -2*m, m = -4*c - 20. Let d(q) = q. Let l(x) = -4 - 2 + 3. Let p(r) = d(r) - l(r). Give p(c).
-3
Let s(h) = -h**2 - 4*h - 1. Let f be 2/(-3)*(8 - 5). Let v(n) = 4*n + 3. Let d be v(f). Let q(o) = o**3 + 4*o**2 - 4*o. Let w be q(d). Give s(w).
-6
Let d(y) = -y**3 - 2*y**2 - y + 1. Let w be ((-4)/(-10))/((-1)/(-5)). Suppose 0 = -v - w*v - 9. Calculate d(v).
13
Let a(d) = -2*d**2 + 23*d - 14. Suppose -s + 122*r = 127*r - 26, 4*s + 4*r - 56 = 0. Determine a(s).
-3
Let d(l) be the third derivative of l**8/20160 - l**7/720 + l**6/240 + 5*l**5/12 + 13*l**2. Let j(r) be the third derivative of d(r). Calculate j(6).
-3
Let k(u) = -u. Let h(q) = -q**3 + 5*q**2 - 7*q + 4. Let r be h(3). Let x(o) = 4*o - 4. Let f(n) = r*x(n) + 2*k(n). Calculate f(3).
2
Let g(t) = -34 - t**2 + 15*t - 39*t + 2*t**2 + 29. What is g(24)?
-5
Suppose -13*r = -14*r - 60. Let y be (1/2)/((-6)/r). Let n(s) = 5*s - 1 + s + s**2 - y*s + 0*s. Calculate n(0).
-1
Suppose n - 14 = -2*z, -z + 0*n + 1 = -n. Suppose 0 = 5*t + z - 10. Let i(d) = 4*d**2 + d - 1. Determine i(t).
4
Let j(d) be the third derivative of -d**6/720 + d**5/24 + d**4/24 - 4*d**2. Let z(m) be the second derivative of j(m). Calculate z(0).
5
Let v(k) = 216 + 216 + k - 434. Determine v(-3).
-5
Let t(p) = -p + 18. Let j be (0 - -1)/(-5 + 273/54). Determine t(j).
0
Let f(q) = 2*q**2 - 4*q + 3. Let i be f(2). Let x(l) = 2*l**3 - 6*l - 7*l**2 - i*l**3 + 7*l - 2*l. Determine x(-7).
7
Let u(x) = -3*x**3 + 7*x**2 - 60*x - 22. Let l(j) = j**3 - 2*j**2 + 19*j + 7. Let v(c) = -19*l(c) - 6*u(c). Let i be ((-6)/4)/(4/8). Give v(i).
-7
Let c(a) = a**2 - 1. Suppose 0 = -0*w + 5*w - 70. Let p(l) = -l**2 + 12*l + 14. Let x be p(w). Let j be (-7)/x*1*4. Determine c(j).
3
Let s(n) = -17*n**3 + n**2 + n - 1. Let r be s(1). Let f be (r/(-6) + -2)*27. Suppose 0*v + 3*v = f. Let z(a) = -a - 1. Determine z(v).
-7
Let o(x) be the second derivative of -x**5/20 + 5*x**4/6 - 3*x**2/2 + 22*x. What is o(10)?
-3
Let g(u) = -u - 13. Suppose 4*n = 268*m - 263*m + 28, -3*m - 4*n - 36 = 0. Give g(m).
-5
Let d(w) = -5*w - 14. Let i(t) = 4*t + 15. Let g(j) = 3*d(j) + 4*i(j). Let l be g(-15). Let m(s) = -s - 13*s + 6*s - l. Give m(-2).
13
Suppose 0 = 26*v - 29*v + 6. Let i(m) = 11 - v - m + 4 - 1. Determine i(6).
6
Let x(s) = -19*s**3 - 21*s**2 - 32*s - 23. Let h(i) = 7*i**3 + 7*i**2 + 11*i + 8. Let b(g) = -8*h(g) - 3*x(g). Calculate b(-5).
15
Let o = -11 + 6. Let g(i) be the third derivative of 2/3*i**3 + 0*i + i**2 